units digit of y?
6
Let g = -42 - -45. What is the tens digit of 67 + (g - (-1 + 3))?
6
What is the hundreds digit of (-102)/(-408) + (-11478)/(-8)?
4
Let d(y) = y**3 + 3*y**2 - 5*y + 2. Let x = 57 - 53. What is the units digit of d(x)?
4
What is the tens digit of (76740/40)/(9/6)?
7
Let j = -56 - -60. Suppose -u = 2*r, -u = -j*u - 3*r + 6. What is the units digit of u?
4
Let z be 0 + 0 + -10 + -2. Let g be 9/z + 1058/(-8). What is the units digit of g/21*(-6 - 0)?
8
Let h = -223 - -219. Let i be -2 + 2/2 - -7. Let c = i - h. What is the units digit of c?
0
Suppose -c = -2*x, x + 14 = -0*x + 4*c. Suppose -q - 28 = -x*r, r - 4*q = 3*r - 8. What is the units digit of (140/r + 4)*3?
7
Let g(r) = -5*r + 42. Let a be g(8). Suppose 4*h = -4*z + 308, a*z = -7 - 1. What is the tens digit of h?
8
Let v(u) be the third derivative of u**6/120 + 13*u**5/60 + 2*u**4/3 - u**3/3 + 26*u**2. What is the units digit of v(-11)?
4
Let r be ((-18)/15)/(-1*2/10). Let q(y) = 5*y**2 - 16*y + 14. What is the tens digit of q(r)?
9
Let f = 4572 - 3027. What is the tens digit of f?
4
Suppose 3*n = n + 8. Suppose 0 = -n*p + 3*p + 4*x - 44, 120 = -5*p - 5*x. Let f = 63 + p. What is the units digit of f?
5
Let i(t) = -9*t - 7. What is the units digit of i(-12)?
1
Let b(o) = 17*o**2 - o + 2. Let u be b(1). Suppose 0 = -u*s + 22*s + 288. Let g = 11 - s. What is the tens digit of g?
8
Let s = 71 + -57. Let h = s - -78. What is the tens digit of h?
9
Let o(w) be the second derivative of -w**5/20 - 7*w**4/12 - 3*w**3/2 - 3*w**2/2 - 2*w + 33. Let i be (21/6)/(1/(-2)). What is the units digit of o(i)?
0
Suppose 3 = n - 45. Suppose -g - n = g. Let x = g + 38. What is the units digit of x?
4
Let h be (-42)/(-18) + (2/3 - 0). Suppose 0 = 2*o + 10, -3*q + 2*o = h*o - 523. What is the tens digit of q?
7
Let q(b) = 3*b - 1. Let z(t) = -4*t + 2. Let u(x) = -4*q(x) - 5*z(x). Let i be u(6). What is the units digit of ((-24)/14)/((-12)/i)?
6
Suppose 4*a + 291 = 2671. What is the tens digit of 2*(-5 - a/(-10))?
0
Suppose 6*w + 4 = 5*w, -3*g - 3*w = 33. What is the hundreds digit of (40/6)/(g/(-252))?
2
Let v(r) be the second derivative of r**3/6 + 15*r**2/2 + 10*r. Let p be v(-7). Suppose -6*d + 2*d = 4, -p = -a + 5*d. What is the units digit of a?
3
Let l(d) = d**3 - 9*d**2 - 34*d + 67. What is the tens digit of l(20)?
8
Suppose -f = -i - 16, 4*f = -5*i - 40 - 4. Let j(r) = -r**3 - 11*r**2 + 11*r - 13. Let y be j(i). What is the tens digit of (y/(-3))/(2/150)?
2
Let m be (-7 - 0)*(-42)/(-49). What is the units digit of 2/m - 5980/(-39)?
3
Let g(w) = 93*w**3 - 10*w**2 - 5*w + 26. What is the units digit of g(4)?
8
Let u(x) = 108*x. Let a = 14 - 13. Let y be u(a). Suppose -h = 3*h - y. What is the units digit of h?
7
Let b be (-1)/(6/(-18)*6/10). Let d(z) = z**2 - z - 6. Let u be d(-6). Suppose u + 59 = b*k. What is the units digit of k?
9
Suppose -19*n + 2*h + 1997 = -14*n, -n + 4*h + 403 = 0. What is the tens digit of n?
9
Let f = 13 + -11. Let m be 0 + f/(-1)*-56. Suppose -2*x + 0*x + m = 0. What is the tens digit of x?
5
Let v(g) = g**2 + g + 2. Let x be v(-2). Suppose x*u - 1024 = -4*u. What is the hundreds digit of u?
1
Suppose 7*c = 11*c - 612. Let l = -12 + c. What is the units digit of l?
1
What is the units digit of (-3806)/(-14) + 29/203?
2
Let f(d) = 9*d**2 - 16*d + 172. What is the tens digit of f(12)?
7
Let r(p) = -3 + 3 - 3 + 4*p. Let z(y) = -y**3 - 3*y**2 + 2*y + 3. Let w be z(0). What is the units digit of r(w)?
9
Suppose 17 = 5*h - q, 4*h + 3*q - q - 8 = 0. Suppose 106 = 3*f - 2*j, -4*f + h*j + 11 = -131. What is the units digit of f?
4
Suppose -16 = 2*k + 2*r, 0 = 3*k - r + 4 + 20. What is the tens digit of -24*2/(-8)*(-16)/k?
1
Let t be 16/(-28)*(-35)/10. Let o be -2 - t - (-11 + 4). Suppose 199 = o*r + f - 2*f, -3*r - 3*f = -207. What is the tens digit of r?
6
Let a be ((-4)/2)/1*(-2 + -2). Suppose 2*g + 5*k - 339 = 0, a*k - 839 = -5*g + 4*k. What is the units digit of g?
7
Let u = -21 + 24. Let q(v) = 5*v**2 + 3*v. Let a be q(u). Suppose -122 = -4*c + a. What is the units digit of c?
4
Let u = 1836 - 955. What is the tens digit of u?
8
Let g(z) = -6*z + 3. Let s be g(-7). Suppose -s*o = -38*o - 1848. What is the tens digit of o?
6
Suppose 4*x + 5*p - 69 = 0, -6*x + 96 = -x + 3*p. What is the units digit of x?
1
Let u(z) = -30*z - 10 + 22 - 3 - 26*z. What is the units digit of u(-1)?
5
Let x = -669 - -850. What is the tens digit of x?
8
Let x = 2062 + -977. What is the hundreds digit of x?
0
Suppose 2*j - 10 = 0, 3*v + 4*j = -36 + 86. What is the tens digit of v*(-8)/(0 + -1)?
8
Suppose -6684 - 32940 = -24*o. What is the thousands digit of o?
1
Suppose 0 = -5*r - 5*p + 3895, 6*p = -2*r + p + 1543. What is the hundreds digit of r?
7
Suppose 3*i - 8*i - 3*w + 262 = 0, i = -4*w + 49. Suppose -3*x = j - i, 45 + 23 = 4*x + 2*j. What is the tens digit of x?
1
Let u(i) = -i**3 - 14*i**2 + 34*i - 42. What is the tens digit of u(-19)?
1
Let d = 16 + -11. Suppose 2*p - 9 = -d. Suppose 2*z + w - 38 = -p*z, 0 = -2*z + 5*w + 8. What is the units digit of z?
9
Suppose -2*v - 2*d + 68 = -60, -5*v + d = -308. Let c = 152 - 194. Let m = c + v. What is the units digit of m?
0
Suppose 104*u + 240 = 106*u. What is the units digit of u?
0
Let b = -7841 - -11298. What is the units digit of b?
7
What is the units digit of 192/10 + (168/(-30))/(-7)?
0
Let g(h) = -2*h**3 - 3*h**2 + h. Let m(c) = -2*c**3 - 10*c**2 - 3. Let y be m(-5). What is the tens digit of g(y)?
2
Let t = 142 + -136. Suppose 4 = 2*y, -4*g + 5*y - 72 = -962. Suppose q + g = t*q. What is the units digit of q?
5
Let n(t) = -86*t**2 + 3*t - 2. Let m(q) = 173*q**2 - 6*q + 5. Let x(l) = -4*m(l) - 9*n(l). What is the units digit of x(-2)?
2
Suppose 4*n = 4*m + 15540, -20275 = -5*n + 3*m - 840. What is the hundreds digit of n?
8
Suppose 0 = j + 4*o + 30, o + 1 + 1 = 0. What is the hundreds digit of (-2 - j/4)*34?
1
Let t be -2*(-1 + (-4 - -3)). Let g be (-10)/25*10/2. What is the tens digit of (-62)/1*g/t?
3
Let u = 5945 + -3875. What is the thousands digit of u?
2
Let t(q) = -9*q + 14. Let u(a) = -28*a + 42. Let n(f) = 11*t(f) - 4*u(f). Suppose g = -0*g + 4. What is the units digit of n(g)?
8
Let y be 1179/7 + (-9)/21. Suppose 48 = -4*s + y. What is the tens digit of s?
3
Suppose -3*p + 5*c = -5286, -9*p + 7*p - 3*c + 3524 = 0. What is the units digit of p?
2
Let q(b) = -2*b**3 - 11*b**2 + 50*b - 18. What is the units digit of q(-13)?
7
Let k = 33 - 33. Suppose k = -5*p - 2*a - 4, 0 = 4*p + 2*a - 3 + 7. Suppose p*f = -f + 46. What is the tens digit of f?
4
Let w(z) = 5*z**2 - 10*z + 16. Let b = 28 + -23. What is the units digit of w(b)?
1
Let w(t) = -t**2 + 2*t + 6. Let r be w(3). Suppose -r*k + 304 = -170. Let u = -90 + k. What is the tens digit of u?
6
What is the hundreds digit of ((-177)/(-4))/(-13*(-12)/624)?
1
Suppose -z = -5*t - 5, 3*z + 4*t - t + 21 = 0. What is the tens digit of 1/(z/(-640)*4)?
3
Suppose -11320 = 65*z - 85*z. What is the units digit of z?
6
Let y(d) = 41*d**2 - 29*d + 228. What is the hundreds digit of y(11)?
8
What is the tens digit of (-30)/(-12)*(-9276)/(-30)?
7
Suppose -3*w + 28 = p, 5*p - 87 = -2*w - 12. Let f = 13 - p. Suppose f = -3*b + 69 + 18. What is the tens digit of b?
2
Let y(n) = 15*n + 25*n**2 + 17*n**2 + 10 - 22*n. What is the tens digit of y(2)?
6
Suppose 2*r + 6 = d, 4 = 2*d + 3*r - 8. Suppose 0 = -d*q + 308 + 532. What is the hundreds digit of q?
1
Let f = 1392 + -541. What is the hundreds digit of f?
8
Let v(r) be the second derivative of 10*r**3/3 - 11*r**2/2 - 12*r. What is the tens digit of v(5)?
8
Let r(i) = i**2 - 2*i + 27. What is the units digit of r(-9)?
6
Let s be 19 + 3 - (-4)/1. Let d = 27 - s. What is the units digit of d?
1
Suppose 2*g - 2 = 4. Let z(x) = -x**2 - 12*x - 6. Let y be z(-8). Suppose -g*s = -25 - y. What is the tens digit of s?
1
Let h = -2339 - -3318. Suppose 5*d + 1345 = 5*p, 4*p - 97 - h = d. What is the units digit of p?
9
Let y = -59 + 64. Suppose -y*r - 5 = 0, 3*r + 317 = 2*n - 0*r. What is the tens digit of n?
5
Let d = 461 + -429. What is the tens digit of d?
3
Let x = 749 - 509. What is the tens digit of x?
4
Let u be -1 + (-2)/4*-10. Suppose 0 = -u*a + a + 204. Suppose 5*o - a = -4*v, -v = 2*o - 34 + 8. What is the tens digit of o?
1
Suppose 3*n = 